
Let g(f) = f + 11. Let z be g(-7). Let d be 2/5 - 218/(-5). Calculate the greatest common factor of d and z.
4
Suppose -z = 2*z + 48. Let n(g) = -5*g + 22. Let y be n(z). What is the highest common divisor of y and 68?
34
Let d = 113 - 14. Suppose -7*u = 54 - 131. What is the highest common divisor of u and d?
11
Suppose 2*r = 4*p + r - 28, 3*p - 21 = -2*r. Calculate the highest common factor of 56 and p.
7
Suppose i = 4*a + 22, 0 = 3*i - 7*a + 2*a - 73. What is the highest common factor of 104 and i?
26
Suppose 0 = -3*b - 6*r + r + 95, r + 205 = 5*b. What is the highest common divisor of 180 and b?
20
Let v(u) = u**2 - 4*u. Let z be v(5). Suppose 8 = -2*a + 6*a. Suppose 0 = 2*i + 3*h - 13, -i - 5*h + a*h = -8. Calculate the greatest common divisor of z and i.
5
Let r(h) = h + 26. Let y be r(-5). What is the highest common divisor of y and 28?
7
Let b = -108 + 180. Suppose 0 = -2*d + 7*d - 10. Suppose 3*l - d*l = 9. Calculate the greatest common factor of l and b.
9
Suppose -2*v - t + 2*t - 46 = 0, 4*v - 3*t = -96. Let n be (-1899)/v - (-9)/(-21). What is the greatest common factor of 36 and n?
18
Let m be 4/(-6)*147/(-2). Let y be 798/m - 2/7. Calculate the greatest common factor of y and 4.
4
Let m be 2/(-4) - 7/(-2). Suppose 5*x - 22 = -2*f - 5, m*f - 2*x + 3 = 0. What is the highest common divisor of 7 and f?
1
Let c(x) = 6*x - 16. Let t be c(6). Let a(f) = f**2 + 10. Let d be a(0). Calculate the highest common divisor of d and t.
10
Let j(z) = 7*z**2 - 5*z - 5. Let l be j(6). What is the highest common divisor of 31 and l?
31
Let k(n) = -n**3 + 4*n**2 + 4*n + 6. Let r be k(5). Let f be r*2/(-4)*-12. Calculate the greatest common factor of 66 and f.
6
Suppose 0 = -9*o + 8*o + 5. Calculate the highest common divisor of 10 and o.
5
Let q be -1*(0 - 1)*9. Let v be 2/(-3) + (-4)/(-6). Suppose 3*s + 0*s - q = v. What is the greatest common divisor of s and 24?
3
Let o be 8/(-6) - 1/(-3). Let w(h) = -135*h**3 + h + 1. Let x be w(o). Let z be ((-6)/(-4) + 0)*10. Calculate the greatest common factor of x and z.
15
Suppose -6 = -3*l + 75. Let s(d) = d**3 - 6*d**2 - 12*d - 14. Let f be s(8). Calculate the greatest common factor of l and f.
9
Suppose 0 = i - 4*i + 6. Let b(q) = 6*q**2 + q + 2. Let u be b(i). Let n = u - 12. What is the highest common divisor of n and 24?
8
Let g(m) = -17*m + 5. Let a be g(-5). What is the greatest common factor of 10 and a?
10
Suppose 0 = 3*c + 5*c - 80. What is the highest common divisor of 80 and c?
10
Let a be 3 + 4/((-4)/4). Let p = 23 - a. What is the highest common divisor of 60 and p?
12
Let z = -3 + 5. What is the highest common divisor of z and 6?
2
Let z be (17/(-51))/((-1)/60). Calculate the greatest common factor of z and 140.
20
Let b = 32 - 14. Suppose -v = -3*l - 5 + 23, -v = 0. Calculate the highest common factor of l and b.
6
Let w(v) = 4*v**3 + 2*v - 1. Let c be w(1). Suppose -c = -4*j - 3*t, -4*t - 10 + 4 = -j. What is the highest common divisor of 2 and j?
2
Let u(v) = 2*v**3 - v**2 - 4*v + 6. Let f be u(3). What is the highest common divisor of 26 and f?
13
Suppose 4*p = 3 + 29. Let i be -1 - (-1 - 1*2). Suppose 2 = i*u - 0. What is the highest common divisor of p and u?
1
Let v be -2 + (9 - (-3 + 1)). What is the greatest common divisor of v and 99?
9
Suppose -2*d + 5*d = -1200. Suppose -2*v + 3*v = 2*r - 1213, -1243 = -2*r - 5*v. Let w = d + r. Calculate the greatest common factor of 19 and w.
19
Let a(b) = -17*b - 5. Let p be a(-4). Let f be 2/3*2*p. Let s = 4 - -8. Calculate the greatest common divisor of f and s.
12
Suppose 6*d - 4*d - 36 = 0. Let b = 54 + d. What is the highest common divisor of b and 8?
8
Let o = 766 - 437. What is the greatest common divisor of o and 47?
47
Suppose 0 - 8 = 2*k. Let c be (k + -1)*16/(-10). Suppose 7 = v - c. Calculate the highest common factor of 30 and v.
15
Let o(q) = 2*q + 57. Let x be o(14). Let l be 34*(-1 + 6/4). What is the greatest common divisor of x and l?
17
Suppose -2*m = -3*m + 3. Let v(s) = 231*s**2 - 1. Let q be v(1). Suppose 0 = -t - 2*u + 69 + 16, -m*t = u - q. What is the greatest common factor of t and 30?
15
Let b = -24 + 55. Let t = b + -16. Let c be 28/2 - (2 + -3). Calculate the highest common factor of c and t.
15
Suppose -3*n - 18 = -6*n + 3*j, 15 = 4*n + 5*j. Suppose -6*k + 3*k + 120 = 0. What is the highest common divisor of k and n?
5
Let x = -5 - 0. Let s(d) = -4*d - 7. Let i be s(x). Let p be 4/(24/(-39))*-10. Calculate the highest common divisor of p and i.
13
Suppose -3*n + 0 - 54 = 0. Let z = 12 - n. What is the highest common factor of 15 and z?
15
Suppose 47 = w - 3. Calculate the greatest common factor of w and 10.
10
Let q(u) = 20*u**3 - 3*u**2 + u + 3. Let z be q(2). Calculate the highest common factor of z and 17.
17
Let p be (0 - (2 + -3))*33. What is the highest common divisor of p and 11?
11
Suppose -157 = -5*c - 17. What is the greatest common factor of 476 and c?
28
Let k(w) = w**3 - 5*w**2 + 3*w + 2. Let q be k(5). Calculate the greatest common factor of q and 17.
17
Suppose -2*n - 44 = -4*n. Calculate the greatest common divisor of 33 and n.
11
Suppose 0 = -g - 3*p + 4, 0 = -p - 0*p - 4. Let x(t) = 21*t**2 + 3 + 6*t - 1 - 3*t. Let k be x(-2). What is the highest common divisor of g and k?
16
Suppose -2*h + 90 = -0*h. Suppose 0*r - h = -5*r. Let o(d) = -4*d + 4. Let m be o(-8). What is the highest common factor of r and m?
9
Let s(f) = f + 3. Let i be s(6). Calculate the highest common factor of 99 and i.
9
Suppose -46 = -3*h - 2*o, 5*o - 27 = -2*h - 0*h. Let n(j) = 24*j**3 - j**2 + j. Let k = 4 - 3. Let r be n(k). Calculate the greatest common factor of h and r.
8
Let w(t) = 6*t**2. Let s be w(3). Suppose -2*c - 4*a - 3 + 1 = 0, 3*c - 3*a - 15 = 0. Suppose -b + c*b = 12. What is the highest common divisor of b and s?
6
Suppose -7*r = -2*r - 220. Calculate the greatest common factor of r and 110.
22
Let a = -1 + 32. Calculate the greatest common factor of 217 and a.
31
Let m = 25 - -5. What is the greatest common divisor of m and 30?
30
Let o(z) = -z**3 + 5*z**2 - 2*z + 4. Let x be o(4). Let v be (8 + -20)/((-6)/4). Let b be 1/((v/(-6))/(-4)). What is the highest common divisor of b and x?
3
Let n = -124 + 276. Calculate the highest common divisor of 8 and n.
8
Let q(w) = -w + 9. Let j be q(2). Suppose 0 = 3*g - 15 - 12. Suppose 5*f - g = 26. Calculate the greatest common divisor of f and j.
7
Let c be ((-15)/(-5))/(-1 - -4). Let a be (-3)/((-18)/(-20) - c). What is the greatest common factor of 45 and a?
15
Let q be 24/(-18) - 550/(-3). Calculate the greatest common factor of 14 and q.
14
Suppose -8*h = -291 - 37. What is the highest common divisor of h and 246?
41
Let h(v) = 5*v - 1. Let z(f) = -f. Let s(p) = h(p) + 6*z(p). Let m be s(-4). Let o be 2 - (-29*m + 1). Calculate the greatest common divisor of o and 8.
8
Suppose -l - 3*l = -48. Let p be -4*(2 + -3)/1. What is the greatest common divisor of p and l?
4
Let p(v) = -v**2 - v + 11. Suppose 4*j - d + 2*d = 3, -4*j - 5*d = -15. Let u be p(j). What is the highest common factor of u and 33?
11
Let w(i) = 0*i - 3*i - 4*i - i**2 - 2*i + 1. Let g(x) = -3*x**2 + 2*x. Let o be g(2). Let v be w(o). What is the highest common factor of 9 and v?
9
Let o be (-6)/(-4) - 15/(-6). Suppose -i = -o*n + 41, 0 = -2*n - 2*n + 5*i + 61. What is the highest common factor of 81 and n?
9
Let t(q) = -q**3 + 35*q**2 + 74*q + 3. Let v be t(37). What is the greatest common factor of v and 69?
3
Let w(l) = 2*l - 7. Let i be w(5). Let v(a) = 0*a**2 + 3 - 7 + 6*a - a**2. Let t be v(i). Calculate the highest common factor of t and 25.
5
Let d = 9 + 7. Calculate the greatest common divisor of d and 64.
16
Let a(l) = 3*l**2 - 7*l**2 - 3 + 3*l**2 + 5*l + 3*l**2 - l**3. Let f be a(3). Suppose -f*y = -15 - 0. Calculate the greatest common factor of 15 and y.
5
Let s(a) = -39*a - 1. Let x be s(-2). Let n be 10/(-45) + 2/9. Suppose 5*k = -3*w + 3*k + 62, n = 4*w - 3*k - x. What is the greatest common factor of w and 20?
20
Suppose 0 = v - 6 - 64. Let r = 15 - 10. Suppose h = 3*j - 81, -r*j - 2*h = -102 - 44. Calculate the greatest common factor of j and v.
14
Suppose 4*r - 12 = 72. What is the highest common factor of r and 84?
21
Let x(t) = -t**3 + 4*t**2 + 5*t + 2. Suppose -b - 5*g = 